59
What are the prime factors of 1142328?
2, 3, 11, 4327
What are the prime factors of 3146260?
2, 5, 13, 12101
List the prime factors of 3264993.
3, 199, 1823
What are the prime factors of 818579?
818579
What are the prime factors of 707209?
41, 47, 367
List the prime factors of 1247411.
11, 151, 751
List the prime factors of 1794011.
79, 22709
What are the prime factors of 14026?
2, 7013
List the prime factors of 78343.
157, 499
List the prime factors of 769995.
3, 5, 71, 241
What are the prime factors of 1840602?
2, 3, 37, 8291
What are the prime factors of 2119742?
2, 1059871
List the prime factors of 7827613.
23, 14797
List the prime factors of 236817.
3, 7, 179
List the prime factors of 689942.
2, 11, 2851
What are the prime factors of 33605441?
33605441
List the prime factors of 5501564.
2, 19, 191, 379
List the prime factors of 16917535.
5, 23, 157, 937
What are the prime factors of 13300981?
193, 68917
What are the prime factors of 31264297?
37, 139, 6079
What are the prime factors of 20717019?
3, 71, 101, 107
What are the prime factors of 1801703?
191, 9433
What are the prime factors of 9666428?
2, 2416607
What are the prime factors of 3022494?
2, 3, 137, 3677
What are the prime factors of 180519?
3, 19, 3167
What are the prime factors of 23796714?
2, 3, 3966119
What are the prime factors of 20300431?
17, 53, 22531
List the prime factors of 280486.
2, 59, 2377
What are the prime factors of 1560585?
3, 5, 13, 53, 151
What are the prime factors of 405789?
3, 23, 5881
What are the prime factors of 11102986?
2, 433, 12821
List the prime factors of 3460635.
3, 5, 53, 1451
What are the prime factors of 400009?
400009
What are the prime factors of 971020?
2, 5, 47, 1033
List the prime factors of 5558464.
2, 86851
List the prime factors of 782025.
3, 5, 10427
What are the prime factors of 61183?
17, 59, 61
What are the prime factors of 406306?
2, 223, 911
List the prime factors of 439547.
127, 3461
What are the prime factors of 4875454?
2, 881, 2767
What are the prime factors of 3642979?
131, 27809
What are the prime factors of 955764?
2, 3, 139, 191
What are the prime factors of 173441?
251, 691
What are the prime factors of 20252684?
2, 103, 49157
What are the prime factors of 95199?
3, 13, 2441
What are the prime factors of 741460?
2, 5, 131, 283
What are the prime factors of 10831?
10831
What are the prime factors of 1987607?
1039, 1913
List the prime factors of 1402090.
2, 5, 149, 941
List the prime factors of 12785.
5, 2557
What are the prime factors of 202419?
3, 7, 17
What are the prime factors of 693034?
2, 373, 929
List the prime factors of 1669742.
2, 461, 1811
List the prime factors of 2572293.
3, 857431
List the prime factors of 10919204.
2, 23, 118687
List the prime factors of 26221574.
2, 2161, 6067
What are the prime factors of 1125936?
2, 3, 7, 1117
List the prime factors of 11253132.
2, 3, 11, 157, 181
List the prime factors of 636400.
2, 5, 37, 43
What are the prime factors of 261900?
2, 3, 5, 97
List the prime factors of 1078931.
7, 97, 227
List the prime factors of 11149424.
2, 11, 13, 443
List the prime factors of 99281.
7, 13, 1091
What are the prime factors of 440055?
3, 5, 7, 11, 127
List the prime factors of 1314596.
2, 43, 7643
What are the prime factors of 421527?
3, 71, 1979
What are the prime factors of 4040848?
2, 7, 109, 331
List the prime factors of 334973.
334973
What are the prime factors of 25912381?
11, 2355671
What are the prime factors of 178895?
5, 37, 967
List the prime factors of 1823525.
5, 11, 19, 349
List the prime factors of 26680738.
2, 7, 1905767
What are the prime factors of 2717542?
2, 23, 59077
What are the prime factors of 10838298?
2, 3, 1806383
What are the prime factors of 440602?
2, 220301
List the prime factors of 1565391.
3, 19, 29, 947
List the prime factors of 4257489.
3, 1419163
What are the prime factors of 1258219?
1258219
What are the prime factors of 279297?
3, 31033
List the prime factors of 208436.
2, 107, 487
What are the prime factors of 73062?
2, 3, 11, 41
List the prime factors of 1033504.
2, 32297
What are the prime factors of 88506?
2, 3, 11, 149
What are the prime factors of 25871?
41, 631
List the prime factors of 526073.
526073
What are the prime factors of 903286?
2, 79, 5717
List the prime factors of 1393550.
2, 5, 47, 593
List the prime factors of 216784.
2, 17, 797
List the prime factors of 46079.
11, 59, 71
What are the prime factors of 4318040?
2, 5, 107951
What are the prime factors of 1078221?
3, 359407
What are the prime factors of 174262?
2, 11, 89
List the prime factors of 112968.
2, 3, 523
What are the prime factors of 5336682?
2, 3, 13, 19, 277
List the prime factors of 3294996.
2, 3, 274583
List the prime factors of 1497680.
2, 5, 97, 193
What are the prime factors of 289396?
2, 71, 1019
What are the prime factors of 322725?
3, 5, 13, 331
What are the prime factors of 17589571?
223, 78877
List the prime factors of 3049580.
2, 5, 41, 3719
What are the prime factors of 27213153?
3, 11, 824641
List the prime factors of 187091.
187091
What are the prime factors of 9460?
2, 5, 11, 43
List the prime factors of 3250197.
3, 19, 83, 229
What are the prime factors of 1033545?
3, 5, 68903
What are the prime factors of 2685859?
11, 19, 71, 181
List the prime factors of 2304853.
23, 4357
What are the prime factors of 7551442?
2, 1543, 2447
List the prime factors of 911218.
2, 7, 11, 61, 97
List the prime factors of 18111928.
2, 83, 27277
What are the prime factors of 75269?
75269
List the prime factors of 8597065.
5, 1719413
What are the prime factors of 6594112?
2, 7, 41, 359
What are the prime factors of 1042714?
2, 521357
List the prime factors of 121624.
2, 23, 661
What are the prime factors of 11858477?
29, 408913
What are the prime factors of 1215151?
7, 24799
List the prime factors of 367900.
2, 5, 13, 283
What are the prime factors of 73546?
2, 11, 3343
List the prime factors of 205634.
2, 11, 13, 719
List the prime factors of 4133529.
3, 37, 12413
What are the prime factors of 14122383?
3, 11, 427951
List the prime factors of 300929.
300929
What are the prime factors of 631316?
2, 7, 3221
List the prime factors of 16478627.
11, 17, 8011
What are the prime factors of 9276312?
2, 3, 307, 1259
What are the prime factors of 162290?
2, 5, 16229
What are the prime factors of 29476545?
3, 5, 7, 280729
List the prime factors of 33498.
2, 3, 1861
List the prime factors of 2937344.
2, 5737
What are the prime factors of 2058906?
2, 3, 409, 839
What are the prime factors of 3279900?
2, 3, 5, 13, 29
What are the prime factors of 21541565?
5, 829, 5197
List the prime factors of 50353.
43, 1171
What are the prime factors of 85129?
11, 71, 109
What are the prime factors of 35112842?
2, 17556421
List the prime factors of 4531473.
3, 347, 1451
What are the prime factors of 782041?
13, 43, 1399
What are the prime factors of 1333591?
7, 19, 37, 271
What are the prime factors of 953672?
2, 23, 71, 73
List the prime factors of 366583.
7, 52369
What are the prime factors of 408355?
5, 81671
What are the prime factors of 455809?
455809
List the prime factors of 168772.
2, 42193
List the prime factors of 8153575.
5, 326143
What are the prime factors of 1400289?
3, 11, 42433
List the prime factors of 848185.
5, 13, 13049
List the prime factors of 1518859.
337, 4507
What are the prime factors of 8547431?
29, 359, 821
What are the prime factors of 179143?
179143
What are the prime factors of 689835?
3, 5, 45989
What are the prime factors of 715433?
139, 5147
List the prime factors of 1547511.
3, 7, 59, 1249
List the prime factors of 124576.
2, 17, 229
What are the prime factors of 354436?
2, 88609
List the prime factors of 14354283.
3, 71, 67391
List the prime factors of 854332.
2, 137, 1559
List the prime factors of 349675.
5, 71, 197
List the prime factors of 171276.
2, 3, 7, 2039
What are the prime factors of 2166665?
5, 19, 22807
List the prime factors of 6483778.
2, 7, 66161
List the prime factors of 6736520.
2, 5, 7, 491
List the prime factors of 862580.
2, 5, 17, 43, 59
What are the prime factors of 24129?
3, 7, 383
What are the prime factors of 274186?
2, 11, 103
What are the prime factors of 1035503?
7, 29, 5101
List the prime factors of 97845.
3, 5, 11, 593
What are the